{"id":340,"date":"2020-03-30T20:09:37","date_gmt":"2020-03-30T20:09:37","guid":{"rendered":"https:\/\/www.cuarzosolutions.site\/?post_type=product&#038;p=340"},"modified":"2022-10-05T15:16:40","modified_gmt":"2022-10-05T13:16:40","slug":"como-elegir-su-cesped","status":"publish","type":"product","link":"https:\/\/www.cuarzosolutions.site\/?product=como-elegir-su-cesped","title":{"rendered":"Como Elegir su Cesped"},"content":{"rendered":"<p>En la actualidad existen much\u00edsimos tipos de c\u00e9sped artificial, por eso si usted se ha planteado la posibilidad de comprar c\u00e9sped es posible que ande algo desorientado. En el presente art\u00edculo queremos darle algunas pautas para ayudarle en la elecci\u00f3n del mismo.\u00a0 \u00a0Como es l\u00f3gico usted cuenta con un presupuesto al que quiere ajustarse lo m\u00e1s posible, por tanto debe saber que existen c\u00e9spedes de muy distintas calidades y que se adec\u00faan cada uno a diferentes situaciones. La gama m\u00e1s econ\u00f3mica puede servir para zonas donde vaya a haber mucho tr\u00e1fico de personas o para jardines a los que se vaya a dar mucha \u201cbatalla\u201d (juegos, mascotas\u2026).\u00a0 \u00a0Suele ser un c\u00e9sped m\u00e1s duro, por lo que se presta menos a deformaciones. Tambi\u00e9n por la misma raz\u00f3n es algo m\u00e1s f\u00e1cil de limpiar.\u00a0 \u00a0Son modelos con menos naturalidad y suelen brillar al llevar un polietileno menos concentrado y con algo menos de calidad. Los c\u00e9spedes de gama media a menudo llevan una capa de silicona, por lo que son m\u00e1s suaves. Tienen adem\u00e1s un aspecto m\u00e1s natural, parecido al de la hierba por lo que pueden ser los ideales para su jard\u00edn. Una altura de 25 a 30 mm y poseen hilo rizado marr\u00f3n imitando a las hebras quemadas, elemento que lo asemeja al real. Los c\u00e9spedes de gama alta, pueden llegar a duplicar el precio de uno de gama econ\u00f3mica, sin embargo puede ser el c\u00e9sped ideal, un c\u00e9sped confortable para los ni\u00f1os o simplemente un c\u00e9sped realista dif\u00edcil de diferenciar del c\u00e9sped natural.\u00a0 cesped-fibra Para saber la calidad de un c\u00e9sped usted debe fijarse en la altura del mismo, m\u00e1s densidad de fibra o \u201cDtex\u201d, m\u00e1s altura, mayor n\u00famero de puntadas y mayor capacidad de restauraci\u00f3n tras una pisada, A \u00e9sta caracter\u00edstica tambi\u00e9n se le llama \u201cMemoria Vertical\u201d.\u00a0 \u00a0En definitiva mayor calidad de producto. Otro factor, por supuesto es el realismo alcanzado con respecto al c\u00e9sped natural. Estos modelos tienen una durabilidad superior y en mejores prestaciones. Entre 8 y 12 a\u00f1os. Puede ser tambi\u00e9n que usted necesite c\u00e9sped artificial para alg\u00fan deporte tal como el p\u00e1del, f\u00fatbol, rugby, tenis o golf. En ese caso debe saber que existen c\u00e9spedes elaborados espec\u00edficamente para estos cometidos, optimizados adem\u00e1s para ofrecerle una buena experiencia de juego y minimizar el riesgo de lesiones. Una buena idea es pedir muestras de c\u00e9sped artificial para que usted pueda decidir cu\u00e1l es la textura que m\u00e1s le convence.\u00a0 \u00a0En\u00a0 \u00a0<a href=\"https:\/\/www.cuarzosolutions.site\"><span style=\"color: #ff0000;\">Cuarzo Solutions SL<\/span><\/a>\u00a0 \u00a0 podemos ofrecerle estas muestras y tambi\u00e9n ayudarle y asesorarle en su decisi\u00f3n.<\/p>\n","protected":false},"excerpt":{"rendered":"<p>En la actualidad existen much\u00edsimos tipos de c\u00e9sped artificial, por eso si usted se ha planteado la posibilidad de comprar c\u00e9sped es posible que ande algo desorientado. En el presente art\u00edculo queremos darle algunas pautas para ayudarle en la elecci\u00f3n del mismo.\u00a0 \u00a0Como es l\u00f3gico usted cuenta con un presupuesto al que quiere ajustarse lo [&hellip;]<\/p>\n","protected":false},"featured_media":341,"comment_status":"open","ping_status":"closed","template":"","meta":{"site-sidebar-layout":"default","site-content-layout":"default","ast-site-content-layout":"","site-content-style":"default","site-sidebar-style":"default","ast-global-header-display":"","ast-banner-title-visibility":"","ast-main-header-display":"","ast-hfb-above-header-display":"","ast-hfb-below-header-display":"","ast-hfb-mobile-header-display":"","site-post-title":"","ast-breadcrumbs-content":"","ast-featured-img":"","footer-sml-layout":"","theme-transparent-header-meta":"default","adv-header-id-meta":"","stick-header-meta":"","header-above-stick-meta":"","header-main-stick-meta":"","header-below-stick-meta":"","astra-migrate-meta-layouts":"default","ast-page-background-enabled":"default","ast-page-background-meta":{"desktop":{"background-color":"","background-image":"","background-repeat":"repeat","background-position":"center center","background-size":"auto","background-attachment":"scroll","background-type":"","background-media":"","overlay-type":"","overlay-color":"","overlay-opacity":"","overlay-gradient":""},"tablet":{"background-color":"","background-image":"","background-repeat":"repeat","background-position":"center center","background-size":"auto","background-attachment":"scroll","background-type":"","background-media":"","overlay-type":"","overlay-color":"","overlay-opacity":"","overlay-gradient":""},"mobile":{"background-color":"","background-image":"","background-repeat":"repeat","background-position":"center center","background-size":"auto","background-attachment":"scroll","background-type":"","background-media":"","overlay-type":"","overlay-color":"","overlay-opacity":"","overlay-gradient":""}},"ast-content-background-meta":{"desktop":{"background-color":"var(--ast-global-color-5)","background-image":"","background-repeat":"repeat","background-position":"center center","background-size":"auto","background-attachment":"scroll","background-type":"","background-media":"","overlay-type":"","overlay-color":"","overlay-opacity":"","overlay-gradient":""},"tablet":{"background-color":"var(--ast-global-color-5)","background-image":"","background-repeat":"repeat","background-position":"center center","background-size":"auto","background-attachment":"scroll","background-type":"","background-media":"","overlay-type":"","overlay-color":"","overlay-opacity":"","overlay-gradient":""},"mobile":{"background-color":"var(--ast-global-color-5)","background-image":"","background-repeat":"repeat","background-position":"center center","background-size":"auto","background-attachment":"scroll","background-type":"","background-media":"","overlay-type":"","overlay-color":"","overlay-opacity":"","overlay-gradient":""}},"_joinchat":[]},"product_cat":[19],"product_tag":[],"yoast_head":"<!-- This site is optimized with the Yoast SEO plugin v22.8 - https:\/\/yoast.com\/wordpress\/plugins\/seo\/ -->\n<title>Como Elegir su Cesped - https:\/\/WWW.CUARZO VECTOR SOLUTIONS , SL<\/title>\n<meta name=\"robots\" content=\"index, follow, max-snippet:-1, max-image-preview:large, max-video-preview:-1\" \/>\n<link rel=\"canonical\" href=\"https:\/\/www.cuarzosolutions.site\/?product=como-elegir-su-cesped\" \/>\n<meta property=\"og:locale\" content=\"es_ES\" \/>\n<meta property=\"og:type\" content=\"article\" \/>\n<meta property=\"og:title\" content=\"Como Elegir su Cesped - https:\/\/WWW.CUARZO VECTOR SOLUTIONS , SL\" \/>\n<meta property=\"og:description\" content=\"En la actualidad existen much\u00edsimos tipos de c\u00e9sped artificial, por eso si usted se ha planteado la posibilidad de comprar c\u00e9sped es posible que ande algo desorientado. En el presente art\u00edculo queremos darle algunas pautas para ayudarle en la elecci\u00f3n del mismo.\u00a0 \u00a0Como es l\u00f3gico usted cuenta con un presupuesto al que quiere ajustarse lo [&hellip;]\" \/>\n<meta property=\"og:url\" content=\"https:\/\/www.cuarzosolutions.site\/?product=como-elegir-su-cesped\" \/>\n<meta property=\"og:site_name\" content=\"https:\/\/WWW.CUARZO VECTOR SOLUTIONS , SL\" \/>\n<meta property=\"article:modified_time\" content=\"2022-10-05T13:16:40+00:00\" \/>\n<meta property=\"og:image\" content=\"https:\/\/www.cuarzosolutions.site\/wp-content\/uploads\/2020\/03\/petar-tonchev-c-5-QE5kBYk-unsplash-1-scaled.jpg\" \/>\n\t<meta property=\"og:image:width\" content=\"2560\" \/>\n\t<meta property=\"og:image:height\" content=\"1440\" \/>\n\t<meta property=\"og:image:type\" content=\"image\/jpeg\" \/>\n<meta name=\"twitter:card\" content=\"summary_large_image\" \/>\n<meta name=\"twitter:label1\" content=\"Tiempo de lectura\" \/>\n\t<meta name=\"twitter:data1\" content=\"2 minutos\" \/>\n<script type=\"application\/ld+json\" class=\"yoast-schema-graph\">{\"@context\":\"https:\/\/schema.org\",\"@graph\":[{\"@type\":\"WebPage\",\"@id\":\"https:\/\/www.cuarzosolutions.site\/?product=como-elegir-su-cesped\",\"url\":\"https:\/\/www.cuarzosolutions.site\/?product=como-elegir-su-cesped\",\"name\":\"Como Elegir su Cesped - https:\/\/WWW.CUARZO VECTOR SOLUTIONS , SL\",\"isPartOf\":{\"@id\":\"https:\/\/www.cuarzosolutions.site\/#website\"},\"primaryImageOfPage\":{\"@id\":\"https:\/\/www.cuarzosolutions.site\/?product=como-elegir-su-cesped#primaryimage\"},\"image\":{\"@id\":\"https:\/\/www.cuarzosolutions.site\/?product=como-elegir-su-cesped#primaryimage\"},\"thumbnailUrl\":\"https:\/\/www.cuarzosolutions.site\/wp-content\/uploads\/2020\/03\/petar-tonchev-c-5-QE5kBYk-unsplash-1-scaled.jpg\",\"datePublished\":\"2020-03-30T20:09:37+00:00\",\"dateModified\":\"2022-10-05T13:16:40+00:00\",\"breadcrumb\":{\"@id\":\"https:\/\/www.cuarzosolutions.site\/?product=como-elegir-su-cesped#breadcrumb\"},\"inLanguage\":\"es\",\"potentialAction\":[{\"@type\":\"ReadAction\",\"target\":[\"https:\/\/www.cuarzosolutions.site\/?product=como-elegir-su-cesped\"]}]},{\"@type\":\"ImageObject\",\"inLanguage\":\"es\",\"@id\":\"https:\/\/www.cuarzosolutions.site\/?product=como-elegir-su-cesped#primaryimage\",\"url\":\"https:\/\/www.cuarzosolutions.site\/wp-content\/uploads\/2020\/03\/petar-tonchev-c-5-QE5kBYk-unsplash-1-scaled.jpg\",\"contentUrl\":\"https:\/\/www.cuarzosolutions.site\/wp-content\/uploads\/2020\/03\/petar-tonchev-c-5-QE5kBYk-unsplash-1-scaled.jpg\",\"width\":2560,\"height\":1440},{\"@type\":\"BreadcrumbList\",\"@id\":\"https:\/\/www.cuarzosolutions.site\/?product=como-elegir-su-cesped#breadcrumb\",\"itemListElement\":[{\"@type\":\"ListItem\",\"position\":1,\"name\":\"Portada\",\"item\":\"https:\/\/www.cuarzosolutions.site\/\"},{\"@type\":\"ListItem\",\"position\":2,\"name\":\"Productos\",\"item\":\"https:\/\/www.cuarzosolutions.site\/?page_id=176\"},{\"@type\":\"ListItem\",\"position\":3,\"name\":\"Como Elegir su Cesped\"}]},{\"@type\":\"WebSite\",\"@id\":\"https:\/\/www.cuarzosolutions.site\/#website\",\"url\":\"https:\/\/www.cuarzosolutions.site\/\",\"name\":\"https:\/\/WWW.CUARZO VECTOR SOLUTIONS , SL\",\"description\":\"https:\/\/WWW.CUARZO VECTOR SOLUTIONS , SL\",\"publisher\":{\"@id\":\"https:\/\/www.cuarzosolutions.site\/#organization\"},\"potentialAction\":[{\"@type\":\"SearchAction\",\"target\":{\"@type\":\"EntryPoint\",\"urlTemplate\":\"https:\/\/www.cuarzosolutions.site\/?s={search_term_string}\"},\"query-input\":\"required name=search_term_string\"}],\"inLanguage\":\"es\"},{\"@type\":\"Organization\",\"@id\":\"https:\/\/www.cuarzosolutions.site\/#organization\",\"name\":\"https:\/\/WWW.CUARZO VECTOR SOLUTIONS , SL\",\"url\":\"https:\/\/www.cuarzosolutions.site\/\",\"logo\":{\"@type\":\"ImageObject\",\"inLanguage\":\"es\",\"@id\":\"https:\/\/www.cuarzosolutions.site\/#\/schema\/logo\/image\/\",\"url\":\"https:\/\/www.cuarzosolutions.site\/wp-content\/uploads\/2021\/03\/cropped-cropped-logo.jpg\",\"contentUrl\":\"https:\/\/www.cuarzosolutions.site\/wp-content\/uploads\/2021\/03\/cropped-cropped-logo.jpg\",\"width\":1097,\"height\":278,\"caption\":\"https:\/\/WWW.CUARZO VECTOR SOLUTIONS , SL\"},\"image\":{\"@id\":\"https:\/\/www.cuarzosolutions.site\/#\/schema\/logo\/image\/\"}}]}<\/script>\n<!-- \/ Yoast SEO plugin. -->","yoast_head_json":{"title":"Como Elegir su Cesped - https:\/\/WWW.CUARZO VECTOR SOLUTIONS , SL","robots":{"index":"index","follow":"follow","max-snippet":"max-snippet:-1","max-image-preview":"max-image-preview:large","max-video-preview":"max-video-preview:-1"},"canonical":"https:\/\/www.cuarzosolutions.site\/?product=como-elegir-su-cesped","og_locale":"es_ES","og_type":"article","og_title":"Como Elegir su Cesped - https:\/\/WWW.CUARZO VECTOR SOLUTIONS , SL","og_description":"En la actualidad existen much\u00edsimos tipos de c\u00e9sped artificial, por eso si usted se ha planteado la posibilidad de comprar c\u00e9sped es posible que ande algo desorientado. En el presente art\u00edculo queremos darle algunas pautas para ayudarle en la elecci\u00f3n del mismo.\u00a0 \u00a0Como es l\u00f3gico usted cuenta con un presupuesto al que quiere ajustarse lo [&hellip;]","og_url":"https:\/\/www.cuarzosolutions.site\/?product=como-elegir-su-cesped","og_site_name":"https:\/\/WWW.CUARZO VECTOR SOLUTIONS , SL","article_modified_time":"2022-10-05T13:16:40+00:00","og_image":[{"width":2560,"height":1440,"url":"https:\/\/www.cuarzosolutions.site\/wp-content\/uploads\/2020\/03\/petar-tonchev-c-5-QE5kBYk-unsplash-1-scaled.jpg","type":"image\/jpeg"}],"twitter_card":"summary_large_image","twitter_misc":{"Tiempo de lectura":"2 minutos"},"schema":{"@context":"https:\/\/schema.org","@graph":[{"@type":"WebPage","@id":"https:\/\/www.cuarzosolutions.site\/?product=como-elegir-su-cesped","url":"https:\/\/www.cuarzosolutions.site\/?product=como-elegir-su-cesped","name":"Como Elegir su Cesped - https:\/\/WWW.CUARZO VECTOR SOLUTIONS , SL","isPartOf":{"@id":"https:\/\/www.cuarzosolutions.site\/#website"},"primaryImageOfPage":{"@id":"https:\/\/www.cuarzosolutions.site\/?product=como-elegir-su-cesped#primaryimage"},"image":{"@id":"https:\/\/www.cuarzosolutions.site\/?product=como-elegir-su-cesped#primaryimage"},"thumbnailUrl":"https:\/\/www.cuarzosolutions.site\/wp-content\/uploads\/2020\/03\/petar-tonchev-c-5-QE5kBYk-unsplash-1-scaled.jpg","datePublished":"2020-03-30T20:09:37+00:00","dateModified":"2022-10-05T13:16:40+00:00","breadcrumb":{"@id":"https:\/\/www.cuarzosolutions.site\/?product=como-elegir-su-cesped#breadcrumb"},"inLanguage":"es","potentialAction":[{"@type":"ReadAction","target":["https:\/\/www.cuarzosolutions.site\/?product=como-elegir-su-cesped"]}]},{"@type":"ImageObject","inLanguage":"es","@id":"https:\/\/www.cuarzosolutions.site\/?product=como-elegir-su-cesped#primaryimage","url":"https:\/\/www.cuarzosolutions.site\/wp-content\/uploads\/2020\/03\/petar-tonchev-c-5-QE5kBYk-unsplash-1-scaled.jpg","contentUrl":"https:\/\/www.cuarzosolutions.site\/wp-content\/uploads\/2020\/03\/petar-tonchev-c-5-QE5kBYk-unsplash-1-scaled.jpg","width":2560,"height":1440},{"@type":"BreadcrumbList","@id":"https:\/\/www.cuarzosolutions.site\/?product=como-elegir-su-cesped#breadcrumb","itemListElement":[{"@type":"ListItem","position":1,"name":"Portada","item":"https:\/\/www.cuarzosolutions.site\/"},{"@type":"ListItem","position":2,"name":"Productos","item":"https:\/\/www.cuarzosolutions.site\/?page_id=176"},{"@type":"ListItem","position":3,"name":"Como Elegir su Cesped"}]},{"@type":"WebSite","@id":"https:\/\/www.cuarzosolutions.site\/#website","url":"https:\/\/www.cuarzosolutions.site\/","name":"https:\/\/WWW.CUARZO VECTOR SOLUTIONS , SL","description":"https:\/\/WWW.CUARZO VECTOR SOLUTIONS , SL","publisher":{"@id":"https:\/\/www.cuarzosolutions.site\/#organization"},"potentialAction":[{"@type":"SearchAction","target":{"@type":"EntryPoint","urlTemplate":"https:\/\/www.cuarzosolutions.site\/?s={search_term_string}"},"query-input":"required name=search_term_string"}],"inLanguage":"es"},{"@type":"Organization","@id":"https:\/\/www.cuarzosolutions.site\/#organization","name":"https:\/\/WWW.CUARZO VECTOR SOLUTIONS , SL","url":"https:\/\/www.cuarzosolutions.site\/","logo":{"@type":"ImageObject","inLanguage":"es","@id":"https:\/\/www.cuarzosolutions.site\/#\/schema\/logo\/image\/","url":"https:\/\/www.cuarzosolutions.site\/wp-content\/uploads\/2021\/03\/cropped-cropped-logo.jpg","contentUrl":"https:\/\/www.cuarzosolutions.site\/wp-content\/uploads\/2021\/03\/cropped-cropped-logo.jpg","width":1097,"height":278,"caption":"https:\/\/WWW.CUARZO VECTOR SOLUTIONS , SL"},"image":{"@id":"https:\/\/www.cuarzosolutions.site\/#\/schema\/logo\/image\/"}}]}},"_links":{"self":[{"href":"https:\/\/www.cuarzosolutions.site\/index.php?rest_route=\/wp\/v2\/product\/340"}],"collection":[{"href":"https:\/\/www.cuarzosolutions.site\/index.php?rest_route=\/wp\/v2\/product"}],"about":[{"href":"https:\/\/www.cuarzosolutions.site\/index.php?rest_route=\/wp\/v2\/types\/product"}],"replies":[{"embeddable":true,"href":"https:\/\/www.cuarzosolutions.site\/index.php?rest_route=%2Fwp%2Fv2%2Fcomments&post=340"}],"version-history":[{"count":1,"href":"https:\/\/www.cuarzosolutions.site\/index.php?rest_route=\/wp\/v2\/product\/340\/revisions"}],"predecessor-version":[{"id":343,"href":"https:\/\/www.cuarzosolutions.site\/index.php?rest_route=\/wp\/v2\/product\/340\/revisions\/343"}],"wp:featuredmedia":[{"embeddable":true,"href":"https:\/\/www.cuarzosolutions.site\/index.php?rest_route=\/wp\/v2\/media\/341"}],"wp:attachment":[{"href":"https:\/\/www.cuarzosolutions.site\/index.php?rest_route=%2Fwp%2Fv2%2Fmedia&parent=340"}],"wp:term":[{"taxonomy":"product_cat","embeddable":true,"href":"https:\/\/www.cuarzosolutions.site\/index.php?rest_route=%2Fwp%2Fv2%2Fproduct_cat&post=340"},{"taxonomy":"product_tag","embeddable":true,"href":"https:\/\/www.cuarzosolutions.site\/index.php?rest_route=%2Fwp%2Fv2%2Fproduct_tag&post=340"}],"curies":[{"name":"wp","href":"https:\/\/api.w.org\/{rel}","templated":true}]}}