{"id":487,"date":"2020-04-04T19:33:16","date_gmt":"2020-04-04T19:33:16","guid":{"rendered":"https:\/\/www.cuarzosolutions.site\/?page_id=487"},"modified":"2020-04-07T23:58:03","modified_gmt":"2020-04-07T21:58:03","slug":"pide-presupuesto","status":"publish","type":"page","link":"https:\/\/www.cuarzosolutions.site\/?page_id=487","title":{"rendered":"Pide Presupuesto"},"content":{"rendered":"<p><\/p>\r\n<h1><span style=\"color: #008000;\">Solicita presupuesto y recibe muestras gratis<\/span><\/h1>\r\n<p>&nbsp;<\/p>\r\n<h2><strong>Muestras gratis en 24\/48 horas:<\/strong><\/h2>\r\n<p>&nbsp;<\/p>\r\n<p><a href=\"https:\/\/www.cuarzosolutions.site\/?product=cesped-jardin\"><img fetchpriority=\"high\" decoding=\"async\" class=\" wp-image-580 aligncenter\" src=\"https:\/\/www.cuarzosolutions.site\/wp-content\/uploads\/2020\/04\/plush-design-studio-q10VITrVYUM-unsplash-300x225.jpg\" alt=\"\" width=\"568\" height=\"426\" srcset=\"https:\/\/www.cuarzosolutions.site\/wp-content\/uploads\/2020\/04\/plush-design-studio-q10VITrVYUM-unsplash-300x225.jpg 300w, https:\/\/www.cuarzosolutions.site\/wp-content\/uploads\/2020\/04\/plush-design-studio-q10VITrVYUM-unsplash-1024x768.jpg 1024w, https:\/\/www.cuarzosolutions.site\/wp-content\/uploads\/2020\/04\/plush-design-studio-q10VITrVYUM-unsplash-768x576.jpg 768w, https:\/\/www.cuarzosolutions.site\/wp-content\/uploads\/2020\/04\/plush-design-studio-q10VITrVYUM-unsplash-1536x1152.jpg 1536w, https:\/\/www.cuarzosolutions.site\/wp-content\/uploads\/2020\/04\/plush-design-studio-q10VITrVYUM-unsplash-2048x1536.jpg 2048w, https:\/\/www.cuarzosolutions.site\/wp-content\/uploads\/2020\/04\/plush-design-studio-q10VITrVYUM-unsplash-600x450.jpg 600w\" sizes=\"(max-width: 568px) 100vw, 568px\" \/><\/a><\/p>\r\n<p>&nbsp;<\/p>\r\n<p>&nbsp;<\/p>\r\n<p>&nbsp;<\/p>\r\n<h4>1. Recibimos tu solicitud<\/h4>\r\n<p>Cuando recibimos tu solicitud nos ponemos en marcha y te asignamos un gestor personal para que te asesore durante todo el proceso.<\/p>\r\n<h4>2. Contactamos contigo en menos de 1 d\u00eda<\/h4>\r\n<p>Tu asesor personal contacta contigo para conocer tus necesidades e informarte, as\u00ed podr\u00e1s tomar la mejor decisi\u00f3n.<\/p>\r\n<p>3. Tus muestras gratis en menos de 24\/48 horas<\/p>\r\n<ul>\r\n<li>Todos nuestros modelos de c\u00e9sped.<\/li>\r\n<li>Cat\u00e1logo con toda la informaci\u00f3n de nuestros productos.<\/li>\r\n<li>Gu\u00eda de instalaci\u00f3n de c\u00e9sped artificial.<\/li>\r\n<li>Presupuesto personalizado.<\/li>\r\n<\/ul>\r\n<p>&nbsp;<\/p>\r\n\n<div class=\"wpcf7 no-js\" id=\"wpcf7-f453-o1\" lang=\"es-ES\" dir=\"ltr\">\n<div class=\"screen-reader-response\"><p role=\"status\" aria-live=\"polite\" aria-atomic=\"true\"><\/p> <ul><\/ul><\/div>\n<form action=\"\/index.php?rest_route=%2Fwp%2Fv2%2Fpages%2F487#wpcf7-f453-o1\" method=\"post\" class=\"wpcf7-form init\" aria-label=\"Formulario de contacto\" novalidate=\"novalidate\" data-status=\"init\">\n<div style=\"display: none;\">\n<input type=\"hidden\" name=\"_wpcf7\" value=\"453\" \/>\n<input type=\"hidden\" name=\"_wpcf7_version\" value=\"5.9.5\" \/>\n<input type=\"hidden\" name=\"_wpcf7_locale\" value=\"es_ES\" \/>\n<input type=\"hidden\" name=\"_wpcf7_unit_tag\" value=\"wpcf7-f453-o1\" \/>\n<input type=\"hidden\" name=\"_wpcf7_container_post\" value=\"0\" \/>\n<input type=\"hidden\" name=\"_wpcf7_posted_data_hash\" value=\"\" \/>\n<\/div>\n<p><label> Tu nombre (obligatorio)<br \/>\n<span class=\"wpcf7-form-control-wrap\" data-name=\"your-name\"><input size=\"40\" class=\"wpcf7-form-control wpcf7-text wpcf7-validates-as-required\" aria-required=\"true\" aria-invalid=\"false\" value=\"\" type=\"text\" name=\"your-name\" \/><\/span> <\/label>\n<\/p>\n<p><label>Apellido<span class=\"wpcf7-form-control-wrap\" data-name=\"text-605\"><input size=\"40\" class=\"wpcf7-form-control wpcf7-text\" aria-invalid=\"false\" value=\"\" type=\"text\" name=\"text-605\" \/><\/span><\/label>\n<\/p>\n<p><label>telefono<span class=\"wpcf7-form-control-wrap\" data-name=\"tel-895\"><input size=\"40\" class=\"wpcf7-form-control wpcf7-tel wpcf7-validates-as-required wpcf7-text wpcf7-validates-as-tel\" aria-required=\"true\" aria-invalid=\"false\" value=\"\" type=\"tel\" name=\"tel-895\" \/><\/span><\/label>\n<\/p>\n<p><label> Tu correo electr\u00f3nico (obligatorio)<br \/>\n<span class=\"wpcf7-form-control-wrap\" data-name=\"your-email\"><input size=\"40\" class=\"wpcf7-form-control wpcf7-email wpcf7-validates-as-required wpcf7-text wpcf7-validates-as-email\" aria-required=\"true\" aria-invalid=\"false\" value=\"\" type=\"email\" name=\"your-email\" \/><\/span> <\/label>\n<\/p>\n<p>Que servicio necesitas?<span class=\"wpcf7-form-control-wrap\" data-name=\"radio-553\"><span class=\"wpcf7-form-control wpcf7-radio\"><span class=\"wpcf7-list-item first\"><input type=\"radio\" name=\"radio-553\" value=\"Fotografias para instalaciones\" checked=\"checked\" \/><span class=\"wpcf7-list-item-label\">Fotografias para instalaciones<\/span><\/span><span class=\"wpcf7-list-item\"><input type=\"radio\" name=\"radio-553\" value=\"Fotografias para productos\" \/><span class=\"wpcf7-list-item-label\">Fotografias para productos<\/span><\/span><span class=\"wpcf7-list-item last\"><input type=\"radio\" name=\"radio-553\" value=\"Book de fotos\" \/><span class=\"wpcf7-list-item-label\">Book de fotos<\/span><\/span><\/span><\/span>\n<\/p>\n<p><label> Asunto<br \/>\n<span class=\"wpcf7-form-control-wrap\" data-name=\"your-subject\"><input size=\"40\" class=\"wpcf7-form-control wpcf7-text\" aria-invalid=\"false\" value=\"\" type=\"text\" name=\"your-subject\" \/><\/span> <\/label>\n<\/p>\n<p><label> Tu mensaje<br \/>\n<span class=\"wpcf7-form-control-wrap\" data-name=\"your-message\"><textarea cols=\"40\" rows=\"10\" class=\"wpcf7-form-control wpcf7-textarea\" aria-invalid=\"false\" name=\"your-message\"><\/textarea><\/span> <\/label>\n<\/p>\n<p><span class=\"wpcf7-form-control-wrap\" data-name=\"acceptance-2\"><span class=\"wpcf7-form-control wpcf7-acceptance\"><span class=\"wpcf7-list-item\"><label><input type=\"checkbox\" name=\"acceptance-2\" value=\"1\" aria-invalid=\"false\" \/><span class=\"wpcf7-list-item-label\">Acepto la \u201c<em><a href=\"https:\/\/www.cuarzosolutions.site\/?page_id=551\"><u>Pol\u00edtica de privacidad<\/u><\/a>\u201d<\/em>.<\/span><\/label><\/span><\/span><\/span>\n<\/p>\n<p><input class=\"wpcf7-form-control wpcf7-submit has-spinner\" type=\"submit\" value=\"Enviar\" \/>\n<\/p><div class=\"wpcf7-response-output\" aria-hidden=\"true\"><\/div>\n<\/form>\n<\/div>\n","protected":false},"excerpt":{"rendered":"<p>Solicita presupuesto y recibe muestras gratis &nbsp; Muestras gratis en 24\/48 horas: &nbsp; &nbsp; &nbsp; &nbsp; 1. Recibimos tu solicitud Cuando recibimos tu solicitud nos ponemos en marcha y te asignamos un gestor personal para que te asesore durante todo el proceso. 2. Contactamos contigo en menos de 1 d\u00eda Tu asesor personal contacta contigo [&hellip;]<\/p>\n","protected":false},"author":1,"featured_media":0,"parent":0,"menu_order":0,"comment_status":"closed","ping_status":"closed","template":"","meta":{"site-sidebar-layout":"default","site-content-layout":"default","ast-site-content-layout":"","site-content-style":"default","site-sidebar-style":"default","ast-global-header-display":"","ast-banner-title-visibility":"","ast-main-header-display":"","ast-hfb-above-header-display":"","ast-hfb-below-header-display":"","ast-hfb-mobile-header-display":"","site-post-title":"","ast-breadcrumbs-content":"","ast-featured-img":"","footer-sml-layout":"","theme-transparent-header-meta":"default","adv-header-id-meta":"","stick-header-meta":"","header-above-stick-meta":"","header-main-stick-meta":"","header-below-stick-meta":"","astra-migrate-meta-layouts":"default","ast-page-background-enabled":"default","ast-page-background-meta":{"desktop":{"background-color":"","background-image":"","background-repeat":"repeat","background-position":"center center","background-size":"auto","background-attachment":"scroll","background-type":"","background-media":"","overlay-type":"","overlay-color":"","overlay-opacity":"","overlay-gradient":""},"tablet":{"background-color":"","background-image":"","background-repeat":"repeat","background-position":"center center","background-size":"auto","background-attachment":"scroll","background-type":"","background-media":"","overlay-type":"","overlay-color":"","overlay-opacity":"","overlay-gradient":""},"mobile":{"background-color":"","background-image":"","background-repeat":"repeat","background-position":"center center","background-size":"auto","background-attachment":"scroll","background-type":"","background-media":"","overlay-type":"","overlay-color":"","overlay-opacity":"","overlay-gradient":""}},"ast-content-background-meta":{"desktop":{"background-color":"var(--ast-global-color-5)","background-image":"","background-repeat":"repeat","background-position":"center center","background-size":"auto","background-attachment":"scroll","background-type":"","background-media":"","overlay-type":"","overlay-color":"","overlay-opacity":"","overlay-gradient":""},"tablet":{"background-color":"var(--ast-global-color-5)","background-image":"","background-repeat":"repeat","background-position":"center center","background-size":"auto","background-attachment":"scroll","background-type":"","background-media":"","overlay-type":"","overlay-color":"","overlay-opacity":"","overlay-gradient":""},"mobile":{"background-color":"var(--ast-global-color-5)","background-image":"","background-repeat":"repeat","background-position":"center center","background-size":"auto","background-attachment":"scroll","background-type":"","background-media":"","overlay-type":"","overlay-color":"","overlay-opacity":"","overlay-gradient":""}},"_joinchat":[],"footnotes":""},"yoast_head":"<!-- This site is optimized with the Yoast SEO plugin v22.8 - https:\/\/yoast.com\/wordpress\/plugins\/seo\/ -->\n<title>Pide Presupuesto - https:\/\/WWW.CUARZO VECTOR SOLUTIONS , SL<\/title>\n<meta name=\"robots\" content=\"index, follow, max-snippet:-1, max-image-preview:large, max-video-preview:-1\" \/>\n<link rel=\"canonical\" href=\"https:\/\/www.cuarzosolutions.site\/?page_id=487\" \/>\n<meta property=\"og:locale\" content=\"es_ES\" \/>\n<meta property=\"og:type\" content=\"article\" \/>\n<meta property=\"og:title\" content=\"Pide Presupuesto - https:\/\/WWW.CUARZO VECTOR SOLUTIONS , SL\" \/>\n<meta property=\"og:description\" content=\"Solicita presupuesto y recibe muestras gratis &nbsp; Muestras gratis en 24\/48 horas: &nbsp; &nbsp; &nbsp; &nbsp; 1. Recibimos tu solicitud Cuando recibimos tu solicitud nos ponemos en marcha y te asignamos un gestor personal para que te asesore durante todo el proceso. 2. Contactamos contigo en menos de 1 d\u00eda Tu asesor personal contacta contigo [&hellip;]\" \/>\n<meta property=\"og:url\" content=\"https:\/\/www.cuarzosolutions.site\/?page_id=487\" \/>\n<meta property=\"og:site_name\" content=\"https:\/\/WWW.CUARZO VECTOR SOLUTIONS , SL\" \/>\n<meta property=\"article:modified_time\" content=\"2020-04-07T21:58:03+00:00\" \/>\n<meta property=\"og:image\" content=\"https:\/\/www.cuarzosolutions.site\/wp-content\/uploads\/2020\/04\/plush-design-studio-q10VITrVYUM-unsplash-300x225.jpg\" \/>\n<meta name=\"twitter:card\" content=\"summary_large_image\" \/>\n<meta name=\"twitter:label1\" content=\"Tiempo de lectura\" \/>\n\t<meta name=\"twitter:data1\" content=\"1 minuto\" \/>\n<script type=\"application\/ld+json\" class=\"yoast-schema-graph\">{\"@context\":\"https:\/\/schema.org\",\"@graph\":[{\"@type\":\"WebPage\",\"@id\":\"https:\/\/www.cuarzosolutions.site\/?page_id=487\",\"url\":\"https:\/\/www.cuarzosolutions.site\/?page_id=487\",\"name\":\"Pide Presupuesto - https:\/\/WWW.CUARZO VECTOR SOLUTIONS , SL\",\"isPartOf\":{\"@id\":\"https:\/\/www.cuarzosolutions.site\/#website\"},\"primaryImageOfPage\":{\"@id\":\"https:\/\/www.cuarzosolutions.site\/?page_id=487#primaryimage\"},\"image\":{\"@id\":\"https:\/\/www.cuarzosolutions.site\/?page_id=487#primaryimage\"},\"thumbnailUrl\":\"https:\/\/www.cuarzosolutions.site\/wp-content\/uploads\/2020\/04\/plush-design-studio-q10VITrVYUM-unsplash-300x225.jpg\",\"datePublished\":\"2020-04-04T19:33:16+00:00\",\"dateModified\":\"2020-04-07T21:58:03+00:00\",\"breadcrumb\":{\"@id\":\"https:\/\/www.cuarzosolutions.site\/?page_id=487#breadcrumb\"},\"inLanguage\":\"es\",\"potentialAction\":[{\"@type\":\"ReadAction\",\"target\":[\"https:\/\/www.cuarzosolutions.site\/?page_id=487\"]}]},{\"@type\":\"ImageObject\",\"inLanguage\":\"es\",\"@id\":\"https:\/\/www.cuarzosolutions.site\/?page_id=487#primaryimage\",\"url\":\"https:\/\/www.cuarzosolutions.site\/wp-content\/uploads\/2020\/04\/plush-design-studio-q10VITrVYUM-unsplash-scaled.jpg\",\"contentUrl\":\"https:\/\/www.cuarzosolutions.site\/wp-content\/uploads\/2020\/04\/plush-design-studio-q10VITrVYUM-unsplash-scaled.jpg\",\"width\":2560,\"height\":1920},{\"@type\":\"BreadcrumbList\",\"@id\":\"https:\/\/www.cuarzosolutions.site\/?page_id=487#breadcrumb\",\"itemListElement\":[{\"@type\":\"ListItem\",\"position\":1,\"name\":\"Portada\",\"item\":\"https:\/\/www.cuarzosolutions.site\/\"},{\"@type\":\"ListItem\",\"position\":2,\"name\":\"Pide Presupuesto\"}]},{\"@type\":\"WebSite\",\"@id\":\"https:\/\/www.cuarzosolutions.site\/#website\",\"url\":\"https:\/\/www.cuarzosolutions.site\/\",\"name\":\"https:\/\/WWW.CUARZO VECTOR SOLUTIONS , SL\",\"description\":\"https:\/\/WWW.CUARZO VECTOR SOLUTIONS , SL\",\"publisher\":{\"@id\":\"https:\/\/www.cuarzosolutions.site\/#organization\"},\"potentialAction\":[{\"@type\":\"SearchAction\",\"target\":{\"@type\":\"EntryPoint\",\"urlTemplate\":\"https:\/\/www.cuarzosolutions.site\/?s={search_term_string}\"},\"query-input\":\"required name=search_term_string\"}],\"inLanguage\":\"es\"},{\"@type\":\"Organization\",\"@id\":\"https:\/\/www.cuarzosolutions.site\/#organization\",\"name\":\"https:\/\/WWW.CUARZO VECTOR SOLUTIONS , SL\",\"url\":\"https:\/\/www.cuarzosolutions.site\/\",\"logo\":{\"@type\":\"ImageObject\",\"inLanguage\":\"es\",\"@id\":\"https:\/\/www.cuarzosolutions.site\/#\/schema\/logo\/image\/\",\"url\":\"https:\/\/www.cuarzosolutions.site\/wp-content\/uploads\/2021\/03\/cropped-cropped-logo.jpg\",\"contentUrl\":\"https:\/\/www.cuarzosolutions.site\/wp-content\/uploads\/2021\/03\/cropped-cropped-logo.jpg\",\"width\":1097,\"height\":278,\"caption\":\"https:\/\/WWW.CUARZO VECTOR SOLUTIONS , SL\"},\"image\":{\"@id\":\"https:\/\/www.cuarzosolutions.site\/#\/schema\/logo\/image\/\"}}]}<\/script>\n<!-- \/ Yoast SEO plugin. -->","yoast_head_json":{"title":"Pide Presupuesto - https:\/\/WWW.CUARZO VECTOR SOLUTIONS , SL","robots":{"index":"index","follow":"follow","max-snippet":"max-snippet:-1","max-image-preview":"max-image-preview:large","max-video-preview":"max-video-preview:-1"},"canonical":"https:\/\/www.cuarzosolutions.site\/?page_id=487","og_locale":"es_ES","og_type":"article","og_title":"Pide Presupuesto - https:\/\/WWW.CUARZO VECTOR SOLUTIONS , SL","og_description":"Solicita presupuesto y recibe muestras gratis &nbsp; Muestras gratis en 24\/48 horas: &nbsp; &nbsp; &nbsp; &nbsp; 1. Recibimos tu solicitud Cuando recibimos tu solicitud nos ponemos en marcha y te asignamos un gestor personal para que te asesore durante todo el proceso. 2. Contactamos contigo en menos de 1 d\u00eda Tu asesor personal contacta contigo [&hellip;]","og_url":"https:\/\/www.cuarzosolutions.site\/?page_id=487","og_site_name":"https:\/\/WWW.CUARZO VECTOR SOLUTIONS , SL","article_modified_time":"2020-04-07T21:58:03+00:00","og_image":[{"url":"https:\/\/www.cuarzosolutions.site\/wp-content\/uploads\/2020\/04\/plush-design-studio-q10VITrVYUM-unsplash-300x225.jpg"}],"twitter_card":"summary_large_image","twitter_misc":{"Tiempo de lectura":"1 minuto"},"schema":{"@context":"https:\/\/schema.org","@graph":[{"@type":"WebPage","@id":"https:\/\/www.cuarzosolutions.site\/?page_id=487","url":"https:\/\/www.cuarzosolutions.site\/?page_id=487","name":"Pide Presupuesto - https:\/\/WWW.CUARZO VECTOR SOLUTIONS , SL","isPartOf":{"@id":"https:\/\/www.cuarzosolutions.site\/#website"},"primaryImageOfPage":{"@id":"https:\/\/www.cuarzosolutions.site\/?page_id=487#primaryimage"},"image":{"@id":"https:\/\/www.cuarzosolutions.site\/?page_id=487#primaryimage"},"thumbnailUrl":"https:\/\/www.cuarzosolutions.site\/wp-content\/uploads\/2020\/04\/plush-design-studio-q10VITrVYUM-unsplash-300x225.jpg","datePublished":"2020-04-04T19:33:16+00:00","dateModified":"2020-04-07T21:58:03+00:00","breadcrumb":{"@id":"https:\/\/www.cuarzosolutions.site\/?page_id=487#breadcrumb"},"inLanguage":"es","potentialAction":[{"@type":"ReadAction","target":["https:\/\/www.cuarzosolutions.site\/?page_id=487"]}]},{"@type":"ImageObject","inLanguage":"es","@id":"https:\/\/www.cuarzosolutions.site\/?page_id=487#primaryimage","url":"https:\/\/www.cuarzosolutions.site\/wp-content\/uploads\/2020\/04\/plush-design-studio-q10VITrVYUM-unsplash-scaled.jpg","contentUrl":"https:\/\/www.cuarzosolutions.site\/wp-content\/uploads\/2020\/04\/plush-design-studio-q10VITrVYUM-unsplash-scaled.jpg","width":2560,"height":1920},{"@type":"BreadcrumbList","@id":"https:\/\/www.cuarzosolutions.site\/?page_id=487#breadcrumb","itemListElement":[{"@type":"ListItem","position":1,"name":"Portada","item":"https:\/\/www.cuarzosolutions.site\/"},{"@type":"ListItem","position":2,"name":"Pide Presupuesto"}]},{"@type":"WebSite","@id":"https:\/\/www.cuarzosolutions.site\/#website","url":"https:\/\/www.cuarzosolutions.site\/","name":"https:\/\/WWW.CUARZO VECTOR SOLUTIONS , SL","description":"https:\/\/WWW.CUARZO VECTOR SOLUTIONS , SL","publisher":{"@id":"https:\/\/www.cuarzosolutions.site\/#organization"},"potentialAction":[{"@type":"SearchAction","target":{"@type":"EntryPoint","urlTemplate":"https:\/\/www.cuarzosolutions.site\/?s={search_term_string}"},"query-input":"required name=search_term_string"}],"inLanguage":"es"},{"@type":"Organization","@id":"https:\/\/www.cuarzosolutions.site\/#organization","name":"https:\/\/WWW.CUARZO VECTOR SOLUTIONS , SL","url":"https:\/\/www.cuarzosolutions.site\/","logo":{"@type":"ImageObject","inLanguage":"es","@id":"https:\/\/www.cuarzosolutions.site\/#\/schema\/logo\/image\/","url":"https:\/\/www.cuarzosolutions.site\/wp-content\/uploads\/2021\/03\/cropped-cropped-logo.jpg","contentUrl":"https:\/\/www.cuarzosolutions.site\/wp-content\/uploads\/2021\/03\/cropped-cropped-logo.jpg","width":1097,"height":278,"caption":"https:\/\/WWW.CUARZO VECTOR SOLUTIONS , SL"},"image":{"@id":"https:\/\/www.cuarzosolutions.site\/#\/schema\/logo\/image\/"}}]}},"_links":{"self":[{"href":"https:\/\/www.cuarzosolutions.site\/index.php?rest_route=\/wp\/v2\/pages\/487"}],"collection":[{"href":"https:\/\/www.cuarzosolutions.site\/index.php?rest_route=\/wp\/v2\/pages"}],"about":[{"href":"https:\/\/www.cuarzosolutions.site\/index.php?rest_route=\/wp\/v2\/types\/page"}],"author":[{"embeddable":true,"href":"https:\/\/www.cuarzosolutions.site\/index.php?rest_route=\/wp\/v2\/users\/1"}],"replies":[{"embeddable":true,"href":"https:\/\/www.cuarzosolutions.site\/index.php?rest_route=%2Fwp%2Fv2%2Fcomments&post=487"}],"version-history":[{"count":21,"href":"https:\/\/www.cuarzosolutions.site\/index.php?rest_route=\/wp\/v2\/pages\/487\/revisions"}],"predecessor-version":[{"id":583,"href":"https:\/\/www.cuarzosolutions.site\/index.php?rest_route=\/wp\/v2\/pages\/487\/revisions\/583"}],"wp:attachment":[{"href":"https:\/\/www.cuarzosolutions.site\/index.php?rest_route=%2Fwp%2Fv2%2Fmedia&parent=487"}],"curies":[{"name":"wp","href":"https:\/\/api.w.org\/{rel}","templated":true}]}}